5 + j. Give l(c).
-8
Let n(w) be the first derivative of -w**2/2 - 3*w - 150. Calculate n(-3).
0
Let n(u) = -u**3 - 5*u**2 - 4*u - 2. Suppose h - 12 = 30. Suppose -b + h = 2*b. Suppose m + 8 = -2*l, -5*m - 16 = 5*l + b. Calculate n(m).
-2
Let k(m) = 4*m**2 + 2*m - 1. Suppose 76 = 4*y + 8. Suppose -3*s + 4*v = s + 4, -s = 5*v - y. Suppose -8 = 2*h + s*h. Calculate k(h).
11
Let m = 152 - 159. Let b(v) = v + 2. What is b(m)?
-5
Let c(x) = -x**3 - 7*x**2 + x + 6. Let t be c(-7). Let d(g) = -21*g**2 - 4*g + 10. Let f(r) = 22*r**2 + 5*r - 12. Let o(k) = 6*d(k) + 5*f(k). Determine o(t).
-17
Let b(q) be the third derivative of -1/24*q**4 - 7*q**2 + 0*q + 4/3*q**3 + 1/120*q**6 + 0 + 1/60*q**5. What is b(0)?
8
Suppose -u + 9 = 4*r, 2*r - 7*r = -15. Let w be 0/(-1 - (u + 1)). Suppose w*d = d - 3. Let z(y) = -y**2 - 2*y + 3. Determine z(d).
-12
Suppose -9 = -3*k + 4*k. Let y be -5*1*(k/(-5) - 1). Let o(a) = -a**3 - 3*a**2 + 5*a + 4. Give o(y).
0
Let w(o) be the third derivative of -11/6*o**3 + 0*o**4 + 0*o + 21*o**2 + 1/60*o**5 + 0. Give w(0).
-11
Let d(r) = 14*r**2 - 21*r - 3. Let p(t) = -5*t**2 + 7*t + 1. Let c(w) = 4*d(w) + 11*p(w). Determine c(5).
-11
Let l(x) = -7 - 29*x - 8 + 54*x - 28*x. Give l(-12).
21
Let r(v) be the third derivative of -v**5/60 - 13*v**4/24 - 3*v**3/2 - 2*v**2. Let c be r(-12). Suppose 0 = c*d - 4*d. Let u(z) = z**2 - z + 5. Give u(d).
5
Let t(k) = -k**3 - 4*k**2 - k - 1. Let z(n) = -2*n**3 - 9*n**2 - n - 2. Let l(s) = -5*t(s) + 2*z(s). What is l(-2)?
-5
Let x(p) = -2*p**2 - 49*p + 28. Let y(w) = 2*w**2 - 21*w + 15. Let h be y(8). Calculate x(h).
3
Let q(c) = -28*c + 25. Let z(r) = -3*r + 2. Let w(s) = -2*q(s) + 18*z(s). Determine w(11).
8
Suppose 114 = -10*y + 24. Let m(n) = n**2 + 9*n + 4. Give m(y).
4
Let p(d) = -9*d + 7. Let z(f) = -9*f + 6. Let n(o) = -6*p(o) + 7*z(o). Let j be (-4)/(-12) - 39/9. Let h(i) = -i - 5. Let u be h(j). Calculate n(u).
9
Let i(q) = q. Let g(m) = 3*m + 10. Let n(h) = -g(h) + 4*i(h). Suppose 12*k - 55 = 5. Determine n(k).
-5
Let k be ((-10)/4 - (-7 - -5))*-4. Suppose -2*a = 4*m - m - 20, -5*m - 2*a + 28 = 0. Let s(z) = z + m*z - 8*z. What is s(k)?
-6
Let y(g) be the second derivative of -g**4/12 - g**3/6 - 3*g**2/2 - 873*g. Let p(m) = -2*m**2 - 1. Let u be p(-1). Determine y(u).
-9
Let m(s) be the second derivative of -5*s**3/2 - 9*s**2/2 + 4*s - 47. Determine m(4).
-69
Let f(p) = p - 6. Suppose 53*n = 48*n + 20. Calculate f(n).
-2
Let a(l) = l**3 + 11*l**2 - 13*l - 8. Let x be a(-12). Let c(d) = -2*d**2 + 4*d + 7. Calculate c(x).
-9
Let z = -55 - -62. Suppose 3*p = 4 - z. Let b(q) = 17*q**2 + q + 1. Calculate b(p).
17
Let d(g) be the third derivative of g**4/24 + 2*g**3 + g**2. Let y = 7 - 27. Let z be (2 + 1)*y/10. Determine d(z).
6
Let v(u) = -4*u + 4*u + 8*u - u**2. Let c = -44 + 35. Let a be (16/(-24))/(((-2)/c)/(-2)). Determine v(a).
12
Let r(i) = -i**2 + 7*i - 3. Suppose 0 = -125*k + 123*k + 14. Calculate r(k).
-3
Let v = 18 - 8. Suppose 0*w - 5*w = v. Let y(t) = -4*t**2 + 5*t - 4. Let f(j) = -j**2 - 1. Let i(s) = 5*f(s) - y(s). Give i(w).
5
Let f = 137 - 134. Let a(w) = -f*w - 237*w**2 + 238*w**2 - 1 + 4. Give a(3).
3
Let c(z) = 8 + 0*z**3 + 5*z**3 + z**2 - 2*z**3 - 2*z**3. Let x be c(0). Suppose 3*m + x = -m. Let o(n) = -n**2 - 3*n - 1. Give o(m).
1
Let y be (2 - 7/2)*4. Let m(f) = -18*f + 6. Let u(p) = -41*p + 12. Let h(z) = -9*m(z) + 4*u(z). Determine h(y).
6
Let m(y) = 5*y - 1. Let b(p) = p**3 + 3*p**2 - 1. Let v be b(-2). Suppose -v*u - 2*u + 15 = 0. Determine m(u).
14
Suppose -l + 5 = 0, 5*l = -3*b + 8*l. Let r(y) = y**3 - 3*y**2 - 6*y - 3. Calculate r(b).
17
Let i(l) = -25*l + 29*l + 2*l**2 + 2*l - 3. Calculate i(-5).
17
Let u be 2/(4/66*3). Suppose 84*y - 96*y + 96 = 0. Let o(f) = 0 - 9 + f - y + u. Give o(3).
-3
Let p(i) = 11*i + 12*i - 13 - 22*i - 3 + i. Give p(14).
12
Suppose 12*j + 20 = 16*j - 4*p, 0 = -4*p - 8. Let l(x) be the second derivative of 2*x + 1/12*x**4 + 3*x**2 + x**j + 0. Determine l(-4).
-2
Let g(h) = -h**3 - 6*h**2 + h - 2. Let m(f) be the first derivative of -f**4/2 - 4*f**3 + f**2/2 - 5*f + 12. Let b(i) = 5*g(i) - 3*m(i). Calculate b(-6).
-7
Let i be 2/(-6) + 174/(-18). Let u = -5 - i. Let j(z) be the first derivative of z**3/3 - 3*z**2 - z - 2. Give j(u).
-6
Suppose 12*x - 6*x = -36. Let u(k) = -5*k + 2. What is u(x)?
32
Let o = 18 - 8. Let j(d) = d**2 - 10*d + 3. Let g be j(o). Let w(v) = -g*v - 4 + v + v. Calculate w(3).
-7
Let t(a) = a - 17. Suppose 45*o = 42*o - 3*x + 12, o = -4*x + 16. What is t(o)?
-17
Let v be ((-6)/(-4))/(2/(-16)). Let n(h) = h**2 + 13*h + 15. Let k be n(v). Let x(b) = b - 8. Let p(i) = -3*i + 25. Let g(a) = -2*p(a) - 7*x(a). Determine g(k).
3
Let k(l) be the first derivative of l**2/2 - 5*l - 7. Let a be k(3). Let s(d) = 4*d**2 + 3*d + 2. Calculate s(a).
12
Let p be 6*41 + (0 - 4). Let q be 18/(-153) - p/(-34). Let u(t) = t + 5. Calculate u(q).
12
Suppose 22 = -g + 31. Suppose 0 = 5*b + 2*i + g, -2*b + 2*i - 3*i = 3. Let u(t) = -t**2 - t + 4. Determine u(b).
-2
Let b = -11 + 19. Suppose -4*q - 2*o + 8 = 0, 2*q + 0 = -4*o - b. Suppose 4*f = -q*v - 8, 4*v + 3 = -2*f - f. Let i(a) = a**2 - 4. Determine i(v).
5
Suppose -4*g + 3*b - 6 = 0, -3 = -4*g - 4*b + 5. Let x(t) = t**2 - t + 8. Calculate x(g).
8
Let q(b) = -b**2 - b + 8. Let x(a) = 3*a**2 + 24*a + 48. Let w be x(-4). Determine q(w).
8
Suppose -3*r + 0*r = -5*p, -5*p - 4*r + 35 = 0. Let q(b) = -b**3 + 3*b**2 + b. What is q(p)?
3
Let u(h) = -h**2 - 4*h + 2. Suppose -5*v + 3*t + 43 = -43, -3*v = -5*t - 58. Suppose 0 = -13*y + v*y + 9. Give u(y).
5
Let p(y) be the second derivative of -y**6/360 - y**5/15 - 7*y**4/24 + 41*y**3/6 + 13*y. Let v(t) be the second derivative of p(t). What is v(-7)?
0
Let c(j) = -j - 4. Suppose -3*u + 154 = 55. Let k = 37 - u. Calculate c(k).
-8
Let a(z) = -z**3 + 7*z**2 - 8*z + 7. Let f be 22 + 1/((-4)/(-12)). Let r = f - 20. Give a(r).
17
Let l = -913 + 902. Let n(a) = a**3 + 10*a**2 - 10*a + 12. Give n(l).
1
Let j = -71 + 34. Let p be j/(-7) - (-14)/(-49). Let q(x) = -x + 1. What is q(p)?
-4
Let f(k) be the first derivative of -k**4/4 - 8*k**3/3 + k**2 + 7*k + 2. Let d = 489 + -497. Calculate f(d).
-9
Let r(q) = q**2 - 5*q + 1. Let x be r(5). Let o = 11 + -8. Let d(t) = -t - o*t**2 - 4*t**3 + 2*t + 2*t**2 + 2*t**3 - 1. Determine d(x).
-3
Let m(d) = d + 7. Let f be ((-68)/(-20) - 4/10)*31. Let b = f - 93. Give m(b).
7
Let u(m) = -21 - 6 + 32 + 7*m + m**2. Calculate u(-5).
-5
Let o(k) = -5 - 5*k**2 - k**3 + 14*k**2 + 2*k - 7*k**2 - 4*k. Calculate o(4).
-45
Let b(k) = 2*k**3 + k**2 - 6*k - 1. Let u be b(2). Let z(p) = 4 + 0 - p - u. Calculate z(0).
-3
Let o be 5/(-3) + (-27)/81. Let w(g) = -g**3 + 3*g + 3. Let a(v) = -2*v**3 + v**2 + 7*v + 7. Let n(m) = 3*a(m) - 7*w(m). Calculate n(o).
4
Let q(l) = l + 7. Suppose -4*f - 3*b + 80 = 0, -f - 11 = -2*f - 3*b. Suppose 0 = 4*s + 2*o - 30, 5*o - f = 2*s - 8. Determine q(s).
12
Let m(i) = 4*i - 3*i - 2*i**3 - 4*i**3 + 4*i**3 + 2*i**2 - 6*i**2 + 1. Determine m(-3).
16
Let u(k) be the second derivative of -k**4/12 - 5*k**3/6 - 2*k**2 + 6*k. Suppose -4*y + g = -46, 0 = 2*y + 3*g - 9 - 21. Let m = y - 16. Give u(m).
0
Suppose 77*x = 79*x - 6. Let z(m) be the second derivative of m + 0 + 1/6*m**x + 0*m**2. Determine z(-5).
-5
Let w(v) = 26*v + 28*v + 23*v - 78*v + 15. Give w(0).
15
Suppose m - 5 = -2. Let v(c) = 2*c**2 - 35*c**m - 33*c**3 + 57*c**3 - c. Give v(1).
-10
Let n = -1532 - -1537. Let q(k) be the second derivative of -6*k - 1/2*k**2 - 1/2*k**3 + 1/20*k**n + 0 - 1/4*k**4. What is q(4)?
3
Let m(x) = x**2 + 1. Let z(b) = 3*b**2 + 10*b + 15. Let r(a) = -2*m(a) + z(a). Determine r(-9).
4
Let q(s) be the first derivative of s**3/3 + s**2/2 - 6*s - 478. Calculate q(-2).
-4
Let i(z) = -z. Let v be i(2). Let a(d) be the first derivative of -d**2 + 2*d + 8. Give a(v).
6
Let i(q) be the second derivative of 0 - 3/2*q**2 - 3*q - 1/6*q**3 - 1/24*q**4. Let u(k) be the first derivative of i(k). Give u(5).
-6
Let y(c) = c**3 + 10*c**2 + 6*c + 5. Suppose 0 = -4*k + 3 + 13. Let t(q) = -q**3 - 11*q**2 - 6*q - 6. Let d(r) = k*t(r) + 5*y(r). Determine d(-5).
-4
Let o(z) = -4*z**3 - 2*z**2 - 6*z. Let p(m) = 3*m**3 + 3*m**2 + 5*m - 1. Let a(q) = 2*o(q) + 3*p(q). Let j be 7*-1 + 42 + -17 + -21. Calculate a(j).
6
Let s be 6 - (-1 - -2